5*q = -4*y - 18. What is the remainder when 2/y*-4 - -59 is divided by 11?
8
Suppose 0 = -2*c + w + 38, 0 = 4*c + 2*w - w - 82. What is the remainder when c is divided by 5?
0
Let m = -412 + 490. Calculate the remainder when 309 is divided by m.
75
What is the remainder when 116 is divided by (4/2*-1 - -3) + 29?
26
Suppose -2*i = 2*f - 20, -4*i - f + 42 = f. Suppose -2*o = -26 + 6. What is the remainder when i is divided by (45/o + -4)*6?
2
Let n(h) = h**3 - 6*h**2 - 10*h - 9. Let x be n(8). Suppose -27*i = -21*i - 126. Calculate the remainder when x - (-1 + (1 - 2)) is divided by i.
20
Suppose -3*r + 80 = 7*r. Suppose 0*u + 108 = 2*j - u, -3*j + 5*u + 169 = 0. Suppose -j = -5*f - r. What is the remainder when f is divided by 6?
3
Suppose -3*o = -4*o + 8. Let r(k) = -k**3 - 22*k**2 + 23. What is the remainder when r(-22) is divided by o?
7
Let s(p) = 90*p**2 + 2. Calculate the remainder when s(-2) is divided by 115.
17
Suppose -2*n + 3*h = n + 231, -12 = -4*h. Let m = n + 163. What is the remainder when m is divided by 18?
17
Suppose o - 3*z = 12, -2*z + 3 = -3*z. Let p(n) = 2*n + 27. Let t be p(-13). Let f = t + 3. Calculate the remainder when f is divided by o.
1
What is the remainder when 54 is divided by (-485)/(-50)*2 + (-10)/25?
16
Suppose -3*u = -23 - 76. Suppose -3*w - 3*v = -u, 0 = -w + 3*w + v - 24. Let f = -12 + 63. Calculate the remainder when f is divided by w.
12
Let i(w) = 6*w - 6. Suppose 3*v - 60 = -2*v. Let q = -9 + v. What is the remainder when i(q) is divided by 5?
2
Let z(y) = 10*y**2 + 32*y + 59. What is the remainder when 1888 is divided by z(-2)?
33
Suppose 16 = 4*u - 0*u. Let m(q) = q**2 + 24 + 9*q + 6*q - u*q + 5*q. Calculate the remainder when 93 is divided by m(-16).
21
Let f(l) = 5*l + 2. Suppose 0 = -2*o - 5*z - 23, 0 = -z - 0*z - 3. Let w be ((-3)/o)/((-2)/(-8)). What is the remainder when 50 is divided by f(w)?
16
Let v be 5/3 + (-183)/(-9). Let p = v - -88. Suppose -2*z = -4*b + 106, 0*b + 3*b - 4*z - 72 = 0. What is the remainder when p is divided by b?
26
Let k(f) = 27*f - 2. Let n be k(6). Suppose 2*o - 3*i = -5*i + n, -2*i + 6 = 0. Calculate the remainder when o is divided by 13.
12
Suppose 3*z + 55 = -2*f, 4*f = z + f + 33. Let b = -14 - z. What is the remainder when 18 is divided by b?
4
Let i = 206 + -185. What is the remainder when 53 is divided by i?
11
Suppose s - j = 66, 2*s + 53*j - 58*j = 144. Calculate the remainder when s is divided by 17.
11
Suppose -3*w = 5*t - w - 24, -3*w = 9. Let n(g) = -g**2 + 11*g - 8. What is the remainder when n(t) is divided by 13?
9
Let z = -13 + 18. Suppose 7 = -z*k + 37. Let m = 37 + -14. Calculate the remainder when m is divided by k.
5
Let r = 634 - 534. What is the remainder when r is divided by 56?
44
Let d = -29 - -199. Suppose -d - 294 = -8*f. What is the remainder when f is divided by 31?
27
Let b(m) = -m**3 + 8*m**2 - 7*m + 10. What is the remainder when 27 is divided by b(7)?
7
Let r(y) = -y**3 + 40*y**2 + 8*y - 170. What is the remainder when 294 is divided by r(40)?
144
Let z = -6 - -7. Suppose -z = -c, -6*c + 9 = 5*s - 2*c. Calculate the remainder when 97 is divided by 22*s*27/18.
31
Suppose -3*x = 1 + 2, -37 = -3*a - 2*x. Let o = -16 + 19. Suppose -4*t = o*u - 143, -t + 15 = u - 33. What is the remainder when u is divided by a?
10
Suppose 3*z = 15 + 6. Suppose 0 = -z*d - 102 + 256. What is the remainder when d is divided by (1 - 0) + (-5 - -10)?
4
Let w be 3*333 + 16/8. What is the remainder when 49 is divided by w/39 + (2 - (-16)/(-6))?
24
Suppose 4*f - 56 = -5*d - 6, -5*f + 5*d + 85 = 0. What is the remainder when 22 is divided by f?
7
Suppose -j - 3*u - 59 = -5*j, j = -u + 13. Let s(i) = 2*i**2 + 2*i. Calculate the remainder when j is divided by s(1).
2
Let c(a) = 3*a + 3. Let w(u) = -7*u - 6. Let d(n) = -11*c(n) - 6*w(n). Let p be d(3). Calculate the remainder when 18 is divided by (-1)/2 + p/4.
4
Let s(q) = q + 16. Let w be s(-16). Suppose -5*r - 58 = -2*x - w*r, 0 = -x - 3*r + 7. What is the remainder when x is divided by 10?
9
Suppose -12 = l - 5*l. Suppose l*r + 4*f - 73 = -0*f, -r - 5*f = -17. What is the remainder when 52 is divided by r?
25
Let k(c) = -61*c - 409. What is the remainder when k(-14) is divided by 149?
147
Let w = 202 - 147. What is the remainder when w is divided by 4?
3
Let o(s) = 2*s**2 - 4*s - 1. Let f be 26/4 + (2/1)/4. What is the remainder when o(f) is divided by 12?
9
Let l(y) = y**3 + 12*y**2 + 11*y + 10. Let h be l(-8). Let i = h - 108. Calculate the remainder when i is divided by 18.
16
Let c(t) = 5*t - 22. Let q be c(5). Suppose 12 - 51 = -g + q*i, g = -5*i + 23. Let w = 30 + -12. Calculate the remainder when g is divided by w.
15
Let y(c) = -296*c + 927. What is the remainder when (-2 - -1) + 3*26 is divided by y(3)?
38
Let l = 8 - 3. Suppose -u - 108 = -2*j, -3292*j + 3*u = -3297*j + 270. Calculate the remainder when j is divided by l.
4
What is the remainder when 179 is divided by (-16)/(-6)*45/12?
9
Let k(q) = q**2 + 15*q + 30. Let h be k(-13). Let b(r) = -5*r - 3. What is the remainder when b(-4) is divided by (-27)/(-3) + h + -7?
5
Suppose 37 = -r + 2*b, 5*r + 4*b + 206 + 49 = 0. Let v = -17 - r. What is the remainder when v is divided by 38/2 + (-6 - (-5 - -2))?
14
Let b = -1670 - -1779. Suppose -g = -4*v - 4*g + 106, -2*v = 2*g - 52. What is the remainder when b is divided by v?
25
Calculate the remainder when (-8983)/(-169) + (-2)/13 is divided by 30.
23
Let i = 1144 - 889. Calculate the remainder when i is divided by 44.
35
Let z be (-30)/(-6)*8/(-10). Suppose 0 = -v - 2*v, 4*r + v = 96. What is the remainder when r is divided by 74/8 - (-1)/z?
6
Suppose -36*x + 960 = -30*x. Calculate the remainder when x is divided by 23.
22
Let w be (6/(-18))/(2/(-24)). Suppose -71 = -0*r - w*r - 5*h, -4*r = 3*h - 73. What is the remainder when r is divided by -2*11/(-2) + 0?
8
Calculate the remainder when 447 is divided by 8/40*(2 + -3)*-55.
7
Suppose -f = -3*f + 36. Calculate the remainder when 53 is divided by f.
17
Suppose -442 + 1422 = 10*n. Suppose -3*d - i - 3 = -57, -i - n = -5*d. What is the remainder when (-36)/((1/(-2))/1) is divided by d?
15
Let i(g) = -g + 17. Calculate the remainder when 78 + -7 + (-3 - 2) is divided by i(0).
15
Suppose -4*h + 2*v + 354 = 0, 81 = -87*h + 88*h - 2*v. Calculate the remainder when 452 is divided by h.
88
Let w(y) = -5*y - 51. Let n(r) = -r**3 + 7*r**2 - 4*r + 5. Calculate the remainder when n(5) is divided by w(-12).
8
Suppose -i - 2*g - 22 = -4*i, -2*i + 4*g + 28 = 0. Let z = 121 - 98. Suppose -4*c + z = 3*x, 0*c = x - i*c - 13. Calculate the remainder when x is divided by 5.
4
Let c(s) = -s**2 - 59*s - 424. Calculate the remainder when c(-15) is divided by 62.
50
Suppose -y + 5*y = 12. Suppose 0 = 3*c - 6, s = 3*s - y*c - 124. What is the remainder when s is divided by 33?
32
Let q be ((-25)/1)/(3/12*-1). Let p = q + 30. What is the remainder when p is divided by 22?
20
Calculate the remainder when 59/(((-10)/(-4))/5) is divided by (-4)/(-8 + (-47)/(-6)).
22
Let x(q) = -q**2 - 3*q + 14. Suppose -2*d - 4*l = -d + 26, 0 = -3*d - 5*l - 43. Let s be x(d). What is the remainder when 19 is divided by 6/(-9)*66/s?
8
Let f = 171 + -51. Let k be 14504/f + (-2)/(-15). Suppose 4*w = 16 - 0, 5*x - k = w. Calculate the remainder when 48 is divided by x.
23
Let c(b) = -b**3 + 4*b**2 - 2*b - 2. Let i be c(3). Let j be i/3*-1*3. Let u(w) = 2*w**2 + w. Calculate the remainder when 3 is divided by u(j).
0
Suppose 0 = -2*w - 2*f - f + 7, -10 = -3*w - 5*f. Let s = 5 + -11. What is the remainder when ((-8)/s)/(2/18) is divided by w?
2
Let a(z) = 2*z**2 - 47*z - 19. What is the remainder when 18 is divided by a(24)?
3
Let h(f) = 3*f**2 + f - 2. Let l = -33 - -46. Let r = 4 + l. Calculate the remainder when h(4) is divided by r.
16
Let h = 152 - 13. Calculate the remainder when h is divided by 20.
19
Suppose -g - 10 = -2*v, -v = 5*g - 3 - 2. What is the remainder when 22 is divided by v?
2
Let c be ((-63)/35)/(1/(-5)). Suppose -c*r + 119 = -2*r. What is the remainder when 50 is divided by r?
16
What is the remainder when (188/(-24) - -3)*-6 is divided by 10?
9
Suppose -6*k + 49 = -77. Let l = -11 + k. Suppose 0 = -2*s + z + 20, -2*s + l = -0*z + 4*z. Calculate the remainder when 17 is divided b